8
Convert -140 (base 7) to base 15.
-52
What is 0 (base 3) in base 10?
0
Convert 180 (base 12) to base 7.
462
-3 (base 10) to base 3
-10
-23 (base 11) to base 14
-1b
What is 322 (base 6) in base 2?
1111010
Convert 12 (base 10) to base 4.
30
Convert 312 (base 6) to base 3.
11022
105 (base 9) to base 15
5b
What is 21 (base 15) in base 11?
29
4 (base 16) to base 5
4
-79 (base 12) to base 8
-135
30 (base 8) to base 9
26
What is -12 (base 8) in base 6?
-14
Convert 5 (base 8) to base 3.
12
1 (base 6) to base 13
1
2 (base 7) to base 11
2
-25 (base 16) to base 6
-101
Convert -10 (base 8) to base 13.
-8
Convert -2 (base 5) to base 7.
-2
Convert -4 (base 10) to base 4.
-10
Convert -6b (base 12) to base 5.
-313
What is -1011 (base 2) in base 4?
-23
-12 (base 4) to base 5
-11
32 (base 5) to base 16
11
What is 7 (base 14) in base 2?
111
What is -6 (base 10) in base 2?
-110
What is -211 (base 4) in base 13?
-2b
Convert 6 (base 13) to base 15.
6
53 (base 6) to base 4
201
-110 (base 2) to base 13
-6
63 (base 15) to base 4
1131
12 (base 5) to base 7
10
-10 (base 5) to base 16
-5
What is -221 (base 9) in base 3?
-20201
Convert 3 (base 13) to base 11.
3
What is 2 (base 12) in base 6?
2
What is -b (base 14) in base 10?
-11
Convert -32 (base 12) to base 16.
-26
-125 (base 9) to base 12
-88
What is -41 (base 8) in base 10?
-33
Convert 10 (base 11) to base 2.
1011
-31 (base 4) to base 5
-23
Convert -5 (base 16) to base 3.
-12
Convert -3 (base 4) to base 7.
-3
Convert 4 (base 12) to base 11.
4
What is -1 (base 6) in base 5?
-1
Convert -c (base 15) to base 4.
-30
131 (base 16) to base 3
102022
Convert 66 (base 8) to base 13.
42
What is 0 (base 9) in base 8?
0
85 (base 11) to base 14
69
120 (base 4) to base 12
20
What is -78 (base 10) in base 9?
-86
What is 117 (base 11) in base 8?
213
-2033 (base 4) to base 5
-1033
Convert -21 (base 7) to base 9.
-16
-2a (base 11) to base 6
-52
Convert 167 (base 12) to base 2.
11011111
-10 (base 14) to base 9
-15
What is 111011 (base 2) in base 6?
135
What is -c (base 16) in base 15?
-c
Convert -3 (base 5) to base 12.
-3
What is -1000100 (base 2) in base 4?
-1010
Convert -1100 (base 2) to base 8.
-14
4 (base 9) to base 3
11
What is 1 (base 6) in base 10?
1
What is 1d (base 16) in base 11?
27
-8 (base 15) to base 12
-8
What is 74 (base 8) in base 7?
114
54 (base 6) to base 10
34
What is 3 (base 16) in base 9?
3
10 (base 3) to base 15
3
What is 11 (base 8) in base 15?
9
102 (base 11) to base 15
83
-8 (base 9) to base 7
-11
-34 (base 13) to base 11
-3a
-10 (base 5) to base 10
-5
Convert 8 (base 16) to base 5.
13
Convert 1001 (base 2) to base 8.
11
Convert 0 (base 3) to base 6.
0
Convert 0 (base 12) to base 6.
0
-15 (base 11) to base 8
-20
1 (base 3) to base 8
1
What is -7 (base 16) in base 3?
-21
Convert -1d (base 15) to base 12.
-24
What is -4 (base 14) in base 4?
-10
0 (base 13) to base 10
0
-84 (base 11) to base 14
-68
What is 1 (base 3) in base 6?
1
Convert 31 (base 10) to base 11.
29
What is -12 (base 8) in base 9?
-11
What is 0 (base 16) in base 2?
0
1 (base 5) to base 2
1
Convert -444 (base 5) to base 8.
-174
-110 (base 9) to base 16
-5a
What is 122 (base 6) in base 3?
1212
Convert 60 (base 8) to base 4.
300
Convert 0 (base 8) to base 3.
0
-32 (base 16) to base 10
-50
What is 6 (base 16) in base 4?
12
-22 (base 4) to base 2
-1010
Convert -30 (base 13) to base 12.
-33
Convert -59 (base 15) to base 10.
-84
-11 (base 15) to base 14
-12
Convert -2 (base 4) to base 8.
-2
-10120 (base 3) to base 4
-1200
-f (base 16) to base 9
-16
What is 7b (base 12) in base 6?
235
Convert 0 (base 7) to base 3.
0
1 (base 5) to base 14
1
1 (base 8) to base 5
1
Convert -3 (base 7) to base 3.
-10
Convert 13 (base 11) to base 6.
22
What is -38 (base 14) in base 5?
-200
Convert 11 (base 10) to base 6.
15
What is -4 (base 5) in base 13?
-4
Convert -142 (base 8) to base 9.
-118
-32 (base 4) to base 3
-112
What is 1011 (base 2) in base 6?
15
Convert -2 (base 6) to base 5.
-2
What is 132 (base 5) in base 4?
222
What is 5 (base 13) in base 10?
5
5 (base 6) to base 14
5
-23 (base 4) to base 6
-15
-1 (base 8) to base 6
-1
26 (base 15) to base 4
210
19 (base 10) to base 4
103
What is 0 (base 5) in base 3?
0
What is 6 (base 12) in base 2?
110
Convert 131 (base 6) to base 14.
3d
What is -17 (base 16) in base 10?
-23
Convert -4 (base 5) to base 13.
-4
24 (base 12) to base 14
20
What is 115 (base 12) in base 6?
425
Convert a (base 16) to base 5.
20
Convert 1 (base 12) to base 4.
1
What is 13 (base 9) in base 2?
1100
Convert -2 (base 16) to base 3.
-2
-15 (base 9) to base 13
-11
-2 (base 16) to base 2
-10
1330 (base 4) to base 2
1111100
What is 1 (base 16) in base 12?
1
What is 4 (base 11) in base 10?
4
-1 (base 9) to base 3
-1
What is 1 (base 11) in base 15?
1
What is -5 (base 14) in base 9?
-5
What is -8 (base 16) in base 9?
-8
What is 1 (base 16) in base 13?
1
Convert -42 (base 5) to base 6.
-34
What is -123 (base 15) in base 11?
-215
0 (base 15) to base 8
0
-150 (base 8) to base 3
-10212
What is 10 (base 2) in base 13?
2
Convert 140 (base 11) to base 5.
1130
What is -50 (base 6) in base 2?
-11110
What is 9 (base 11) in base 9?
10
Convert 11000 (base 2) to base 3.
220
-111001 (base 2) to base 5
-212
-1222 (base 3) to base 13
-41
211 (base 5) to base 12
48
Convert -7 (base 11) to base 8.
-7
Convert a9 (base 13) to base 11.
117
1 (base 12) to base 13
1
c0 (base 14) to base 8
250
What is 2 (base 13) in base 8?
2
22 (base 3) to base 16
8
Convert 2 (base 10) to base 2.
10
Convert -2 (base 9) to base 16.
-2
-1222 (base 3) to base 6
-125
What is -131 (base 9) in base 12?
-91
2 (base 14) to base 15
2
-3d (base 14) to base 12
-47
What is 103 (base 10) in base 8?
147
-132 (base 8) to base 14
-66
a0 (base 13) to base 3
11211
What is -2 (base 4) in base 14?
-2
What is -4b (base 15) in base 5?
-241
Convert 1 (base 13) to base 15.
1
What is 4 (base 8) in base 11?
4
What is -2 (base 3) in base 16?
-2
-12 (base 6) to base 8
-10
3 (base 15) to base 12
3
What is -233 (base 4) in base 6?
-115
What is 12113 (base 4) in base 5?
3112
Convert -100 (base 2) to base 10.
-4
Convert -4 (base 8) to base 6.
-4
Convert 133 (base 4) to base 12.
27
-7 (base 14) to base 9
-7
What is -35 (base 10) in base 6?
-55
102 (base 3) to base 7
14
What is -130 (base 4) in base 11?
-26
110 (base 3) to base 10
12
197 (base 11) to base 5
1402
Convert 10100101 (base 2) to base 16.
a5
Convert -3 (base 12) to base 14.
-3
Convert 3 (base 16) to base 7.
3
-c (base 13) to base 2
-1100
What is b (base 16) in base 12?
b
Convert 3d (base 14) to base 12.
47
-b (base 15) to base 5
-21
What is 152 (base 8) in base 12?
8a
43 (base 11) to base 16
2f
Convert -2b (base 13) to base 2.
-100101
-123 (base 5) to base 10
-38
What is -21 (base 3) in base 8?
-7
-121 (base 4) to base 16
-19
Convert 2 (base 11) to base 10.
2
Convert -225 (base 6) to base 8.
-131
-3 (base 14) to base 9
-3
What is -11 (base 8) in base 10?
-9
What is -220 (base 9) in base 7?
-345
What is 14 (base 7) in base 5?
21
1101100 (base 2) to base 13
84
What is -12a (base 11) in base 10?
-153
Convert 10 (base 4) to base 15.
4
Convert -103 (base 7) to base 3.
-1221
What is -2 (base 10) in base 6?
-2
-25 (base 7) to base 12
-17
-3 (base 11) to base 7
-3
What is -7 (base 15) in base 14?
-7
27 (base 15) to base 2
100101
What is -21 (base 14) in base 6?
-45
What is -2 (base 4) in base 6?
-2
What is -72 (base 11) in base 15?
-54
Convert 0 (base 9) to base 16.
0
-b5 (base 14) to base 15
-a9
What is -5a (base 16) in base 9?
-110
1 (base 8) to base 14
1
Convert -262 (base 7) to base 16.
-8e
Convert -8a (base 13) to base 10.
-114
What is -20 (base 6) in base 4?
-30
Convert 17 (base 8) to base 3.
120
-2343 (base 5) to base 11
-297
Convert 3 (base 16) to base 11.
3
Convert 7a (base 13) to base 7.
203
What is 3 (base 7) in base 4?
3
Convert -223 (base 7) to base 15.
-7a
Convert -101 (base 4) to base 3.
-122
What is -30 (base 12) in base 9?
-40
Convert b2 (base 15) to base 2.
10100111
24 (base 5) to base 13
11
What is 11 (base 6) in base 4?
13
Convert 149 (base 11) to base 5.
1144
-101 (base 3) to base 14
-a
3 (base 16) to base 6
3
What is 9 (base 11) in base 14?
9
Convert 133 (base 6) to base 4.
321
Convert 4 (base 7) to base 16.
4
Convert 0 (base 14) to base 3.
0
Convert 10 